*z - 4*z**3 + 11/24*z**4 + 38*z**2 + 0 + 1/60*z**5. Is c(13) a multiple of 36?
True
Suppose -3*p - 3*l + 2034 = 0, 5*l + 667 = 5*p - 2683. Suppose 5*g = -3*v + p, -g + 68 + 68 = v. Suppose 230 = 2*m + 5*d, 3*d + g = m + d. Is 9 a factor of m?
False
Suppose -38668 = -3*q - 4*a, 0 = -4*q + 2*a + 26834 + 24738. Is 44 a factor of q?
True
Suppose -21 = -135*h + 137*h - 5*v, -5*v + 31 = 3*h. Let w(s) = 2*s - 13. Let b be w(9). Suppose -3*g + b*p = h*g - 200, p - 194 = -5*g. Is 9 a factor of g?
False
Let q = 23755 + -19675. Is 17 a factor of q?
True
Suppose 24*o = 6465 - 1161. Suppose o = 6*j - 1081. Is j a multiple of 8?
False
Let t(i) = -2*i**2 + 6*i**2 + 4*i + 18*i**3 - 17*i**3. Let r be t(-3). Is (2 + 42)*r/(-6) a multiple of 11?
True
Let s(g) be the first derivative of 10/3*g**3 - 2 - g**2 + 4*g. Is s(4) a multiple of 16?
False
Let r(y) = 4*y**2 + 21*y + 372. Does 31 divide r(18)?
True
Let j = -2213 + 2814. Is j a multiple of 3?
False
Let l(g) = 2*g - 3*g + 250 + 1 + 47. Does 32 divide l(0)?
False
Suppose h - 3335 = -4*h. Let j = 994 - h. Is j a multiple of 22?
False
Suppose -7*i = -3*i - 4*j - 4344, 2*i - 4*j = 2184. Does 129 divide i?
False
Let p(a) = -a**3 + 26*a**2 - 23*a - 12. Let r be p(25). Let s = 137 - r. Does 10 divide s?
False
Suppose -16*n - n - 12665 = 0. Let r = 981 + n. Is r a multiple of 45?
False
Let f be (-121 - 6)/(3 - 4). Suppose 4*c = -4*l + 316, 4*c - f = -3*l + 194. Is c a multiple of 6?
True
Let g(x) = x**2 + 49*x - 7602. Is g(-120) a multiple of 28?
False
Suppose u + 117979 = 3*x, -2*u + 91456 = -5*x + 288086. Is x a multiple of 59?
False
Let b = 7720 - -12185. Does 15 divide b?
True
Let n(s) = -47*s**3 - 22*s**2 + 6*s + 28. Is n(-5) a multiple of 32?
False
Let o be (-8)/(-3) + (-32)/48. Suppose -3*v - 3 = 0, 2*f - 2*v = -3*f + 27. Suppose -f*p - 80 = -3*y, y + o*p = 16 - 4. Does 4 divide y?
True
Suppose 3*j - 35 = -26. Suppose 25 = 5*r, -3*i - r - j*r = -560. Does 36 divide i?
True
Let z(t) = -19*t + 139. Let n be (2/(-6))/(14268/1188 + -12). Does 13 divide z(n)?
False
Let v(n) = -n**2 - 2*n - 20. Let i be v(-6). Let h = 58 + i. Suppose -h + 274 = 4*g. Is 26 a factor of g?
False
Suppose 0 = -5*n + 2*j + 95, -3*n + 4*j = -129 + 86. Is n even?
False
Suppose -3*i + 11170 = 5*b - 38529, 5*i - 39767 = -4*b. Is b a multiple of 27?
False
Suppose -37 = 41*c + 127. Let p(b) = -176*b + 208. Is p(c) a multiple of 29?
False
Let u(k) = k**3 - 7*k**2 + 4*k - 35. Let p(r) = -r**3 + 7*r**2 - 6*r + 36. Let a(s) = 4*p(s) + 5*u(s). Let j be a(8). Does 13 divide -4 + j - 187/(-1)?
False
Suppose 4*o - 6 = 2. Let z(p) = -16*p + 17*p + 16*p**2 - o + 0 - p**3. Does 10 divide z(16)?
False
Let x be 60/140 - (-39)/7. Does 17 divide ((-858)/(-9))/(3*x/189)?
False
Suppose -42*i - 3*t = -37*i - 1282, -2*t + 248 = i. Is i even?
True
Let l = -23410 + 39925. Does 5 divide l?
True
Let m(g) = -50*g**3 - 2*g**2 - 24*g. Does 64 divide m(-4)?
True
Let p = -59 + 68. Is 258/9 + 3/p - 0 a multiple of 2?
False
Let u = 370 + -647. Let p = -59 + u. Let v = p - -474. Is v a multiple of 46?
True
Suppose -k = 3*p - 15254, 287*p = -k + 286*p + 15266. Does 332 divide k?
True
Let q(m) = -m - 1. Let r be q(4). Let i = r - -5. Suppose i = 13*z - 10*z - 252. Is 6 a factor of z?
True
Let u(x) = -91*x + 51. Let f be u(11). Let d = -656 - f. Is 21 a factor of d?
True
Does 14 divide (-11)/(-77)*35 + 3789?
True
Let y = 41899 + -18160. Is y a multiple of 141?
False
Suppose -11922 = 51*o - 90258. Is o a multiple of 64?
True
Let l be 0/(-2) - (12 - 1). Let i = 3724 - 3695. Let o = l + i. Is o a multiple of 9?
True
Does 5 divide (-6 + 3 + 4)/(-11*16/(-368720))?
True
Let i(k) = 3*k + 31. Let q be i(-9). Suppose 3*x + 270 = q*v, 3*v - 73 - 119 = -3*x. Is v a multiple of 8?
False
Suppose -16 = -4*f + d, -5*f - 3*d = -3*f - 8. Suppose 2*s + 3*h = 215, 8*s - 3*s + f*h = 520. Is s a multiple of 19?
False
Suppose 7175 = 7*c - 15260. Does 55 divide c?
False
Let b = -27 + 63. Let x = -9 + b. Does 41 divide (-6)/27 + -1 + 5460/x?
False
Let i(h) = 8*h**2 + 21*h - 29. Suppose d = -4*u, 5*u + 1 + 41 = 4*d. Does 4 divide i(d)?
False
Is 4634 - (18/4 + (42/(-4) - -11)) a multiple of 20?
False
Let q be 0 - -7 - (27 + -34). Suppose 1218 = 4*s - q. Is 11 a factor of s?
True
Does 144 divide (72/7)/(68/12376)?
True
Let f = 4781 - 3332. Suppose 0 = -5*t - 5*j + 2445, 3*t + j - 4*j - f = 0. Suppose 3*i + 3*i = t. Is 23 a factor of i?
False
Is 3 a factor of 45*(-26888)/(-156) - 2/13?
False
Let c = 58 + 182. Does 16 divide c?
True
Suppose -14*k + 246 = 4*j - 12*k, -5*j + 4*k = -327. Is 2 a factor of j?
False
Suppose 149*b = 115*b + 337586. Is b a multiple of 112?
False
Suppose 4*l + 76990 = 5*m, 1116*m - 1112*m - 4*l - 61596 = 0. Is m a multiple of 148?
False
Suppose -3*z = -2*z - 1, -2*f = 3*z - 7. Suppose 0*d - f*d = 82. Let b = d - -77. Is 12 a factor of b?
True
Let u = -16 + 22. Let g be 1 - (2/u + (-2)/(-3)). Suppose g*i - 90 = -6*i. Is i even?
False
Let j = -488 - -1092. Does 6 divide j?
False
Suppose -2*z + 9 = 1. Suppose -5*s + 7*s = z. Suppose -s = 5*j + 8, -3*j = -4*y + 566. Is 28 a factor of y?
True
Suppose -63*f - 3545 = -3*g - 67*f, 0 = 3*g - 4*f - 3553. Does 4 divide g?
False
Let q(l) = 2*l**3 - 4*l**2 - 6*l - 12. Let m = -6 - -12. Does 20 divide q(m)?
True
Suppose 1170 = 56*b - 902. Suppose -12*x - 3350 = -b*x. Is 19 a factor of x?
False
Let a be (-14)/(-8) - (-1)/4. Let g(b) = -11 + a*b + 3*b - 12. Is 27 a factor of g(10)?
True
Suppose 0 = 3*d - v - 24 + 91, 0 = d - v + 21. Let i = 24 + d. Suppose 2 = p + 4*q + i, -5*p - 2*q = -77. Does 17 divide p?
True
Suppose w + 166 - 832 = -5*m, 0 = w - 6. Is m a multiple of 11?
True
Let o be (40/90)/(2/9) - 2727. Let j = -1907 - o. Does 64 divide j?
False
Let i(a) = -6*a**2 + 16*a + 14. Let h be i(6). Let q = h - -708. Is 30 a factor of q?
False
Let g be (2/5)/(-3 + (-4247)/(-1415)). Suppose i + 1 = -a + 77, g = 4*a - 3*i. Does 10 divide a?
False
Let r = 12125 + -6050. Is 15 a factor of r?
True
Suppose -32 = -x + 4*t, 5*t - 11 = -3*x - 0*x. Suppose 938 = x*z + 14. Does 4 divide z?
False
Suppose -v + 18 = -2*z, -4*z = 15 + 5. Suppose 0 = -5*k + v*k + 3*t - 1419, 5*k - 4*t = 2365. Is k a multiple of 9?
False
Let y(u) be the third derivative of u**6/60 + u**5/10 - 5*u**4/24 - u**3/6 + 105*u**2. Is 16 a factor of y(5)?
False
Let s(j) = j**3 + 11*j**2 - 45*j - 14. Let v be s(-14). Let k(i) = 4*i - 4. Let q be k(2). Suppose q*l = -4, -49 = -2*t - 3*l + v. Does 2 divide t?
True
Let c(b) = 3*b**3 - 11*b**2 - 4*b. Let p be c(3). Does 21 divide (-3)/((-18)/p) + 48?
False
Suppose 0*v + 18 = 9*v. Let f(i) = -3*i**2 + 4*i + 1. Let q be f(v). Let b(r) = 2*r**2 - r + 4. Is 16 a factor of b(q)?
False
Let d be ((-10)/3 - -3)/((-2)/12). Let i(k) = 88*k**2 - 9*k - 2. Does 18 divide i(d)?
False
Suppose -87*l + 86*l = -1073. Does 17 divide l?
False
Let g(o) = o**2 + o - 1. Let z(s) = s**3 - 6*s**2 + 9*s - 8. Let p(q) = 3*g(q) - z(q). Let u be (-104)/(-260) - 1/(-5)*(14 - -4). Does 17 divide p(u)?
False
Let a(q) = -q**2 - 139*q + 1476. Is a(-85) a multiple of 18?
True
Let a be (-146)/(-50) - 30/(-375). Suppose 4*n = 2*w + 2298, -2*w - 570 = -n + a*w. Is n a multiple of 25?
True
Let d be (70/(-4))/((-9)/594). Suppose -q + d = 798. Does 17 divide q?
True
Is 8*((-13509)/(-6) + -1 + -3 + 7) a multiple of 9?
True
Let x be 15/(-3) + (1/1)/1. Is 13 a factor of 5/x + 5661/36?
True
Let h(i) = -i**3 + 46*i**2 + 93*i + 74. Is 32 a factor of h(46)?
True
Let k = -14 + 41. Suppose k = -4*y + 215. Let h = y + -13. Does 6 divide h?
False
Is (-484256)/(-88) + 108/99 a multiple of 7?
False
Suppose 2*a + 22 = -112*v + 114*v, 3*v + a = 49. Does 5 divide v?
True
Let n(s) = -8*s - 91. Let p be n(-11). Is (2/(-4) + 2)/(p/(-76)) a multiple of 7?
False
Suppose 0 = -2*q - 4*p + 27898, -262*p - 41872 = -3*q - 263*p. Is q a multiple of 27?
True
Does 125 divide (24 - (-274182)/(-18))*-3?
True
Suppose -o + 3*v + 1 = -3, 0 = -4*o + 5*v + 30. Suppose 0 = o*m + 4*m - 98. Suppose -m*h = -148 - 160. Is h a multiple of 3?
False
Let y be (-16)/(-6)*6/8. Suppose -36 + 18 = -y*x. Does 4 divide (-1)/(3/x) + 50?
False
Suppose j = z + 6*j - 12, 4 = -3*z - 5*j. Does 10 divide 86/((-115)/15 - z)?
False
Let a = -92 + 124. Suppose -a*o - 3589 = -34885. Is 14 a factor of o?
False
Let i(v) = -v**2 - 12*v + 33. Let